{"id":41,"date":"2015-08-30T14:48:44","date_gmt":"2015-08-30T12:48:44","guid":{"rendered":"http:\/\/78.46.187.114\/?page_id=41"},"modified":"2015-08-31T22:34:38","modified_gmt":"2015-08-31T20:34:38","slug":"was-schenken","status":"publish","type":"page","link":"https:\/\/www.tanjaundrobert.de\/index.php\/was-schenken\/","title":{"rendered":"Hochzeitstisch \/ (Et-)was schenken?"},"content":{"rendered":"<p>Eigentlich sind wir wunschlos gl\u00fccklich &#8211; wir haben uns, haben die gesammelten G\u00fcter zweier Haushalte.<\/p>\n<p>Aber:<br \/>\nWir freuen uns nat\u00fcrlich zuerst<br \/>\n\u00fcber jeden, der mit uns feiert und<br \/>\n\u00fcber jeden, der sich mit uns freut.<br \/>\nDas ist das beste und gr\u00f6\u00dfte Geschenk.<\/p>\n<p>Falls Du jedoch ein Geschenk machen m\u00f6chtest:<br \/>\nEs gibt aber einige W\u00fcnsche, die wir uns noch nicht erf\u00fcllt haben, und die vielleicht Anregungen f\u00fcr Dich\u00a0sind.<br \/>\nWir haben es in einer Liste zusammengestellt, mit der man sehen kann, ob bereits jemand anders diesen Wunsch ausgew\u00e4hlt hat.<br \/>\nMan kann \u00fcber diese Liste bestellen, muss es aber nat\u00fcrlich nicht &#8211; wir fanden es nur geschickt,<br \/>\ndass man wie bei einem Hochzeitstisch sieht, ob bereits jemand einen Wunsch &#8222;adoptiert&#8220; hat.<\/p>\n<p>Bitte gib\u00a0dort Deinen\u00a0Namen und die Mailadresse an, damit Du\u00a0einen Wunsch adoptieren k\u00f6nnt &#8211; das ist dort alles aber auch erkl\u00e4rt.<\/p>\n<p><strong>&gt;&gt;&gt;\u00a0<a href=\"http:\/\/www.wunsch-galerie.de\/?wz=DDA4SZZ9\" target=\"_blank\">Zum Hochzeittisch<\/a>\u00a0&lt;&lt;&lt;<\/strong><\/p>\n","protected":false},"excerpt":{"rendered":"<p>Eigentlich sind wir wunschlos gl\u00fccklich &#8211; wir haben uns, haben die gesammelten G\u00fcter zweier Haushalte. Aber: Wir freuen uns nat\u00fcrlich zuerst \u00fcber jeden, der mit uns feiert und \u00fcber jeden, der sich mit uns freut. Das ist das beste und gr\u00f6\u00dfte Geschenk. Falls Du jedoch ein Geschenk machen m\u00f6chtest: Es gibt aber einige W\u00fcnsche, die <a class=\"more-link\" href=\"https:\/\/www.tanjaundrobert.de\/index.php\/was-schenken\/\">Weiterlesen <i class=\"fa fa-chevron-right\"><\/i><\/a><\/p>\n","protected":false},"author":1,"featured_media":0,"parent":0,"menu_order":0,"comment_status":"closed","ping_status":"closed","template":"","meta":[],"_links":{"self":[{"href":"https:\/\/www.tanjaundrobert.de\/index.php\/wp-json\/wp\/v2\/pages\/41"}],"collection":[{"href":"https:\/\/www.tanjaundrobert.de\/index.php\/wp-json\/wp\/v2\/pages"}],"about":[{"href":"https:\/\/www.tanjaundrobert.de\/index.php\/wp-json\/wp\/v2\/types\/page"}],"author":[{"embeddable":true,"href":"https:\/\/www.tanjaundrobert.de\/index.php\/wp-json\/wp\/v2\/users\/1"}],"replies":[{"embeddable":true,"href":"https:\/\/www.tanjaundrobert.de\/index.php\/wp-json\/wp\/v2\/comments?post=41"}],"version-history":[{"count":9,"href":"https:\/\/www.tanjaundrobert.de\/index.php\/wp-json\/wp\/v2\/pages\/41\/revisions"}],"predecessor-version":[{"id":103,"href":"https:\/\/www.tanjaundrobert.de\/index.php\/wp-json\/wp\/v2\/pages\/41\/revisions\/103"}],"wp:attachment":[{"href":"https:\/\/www.tanjaundrobert.de\/index.php\/wp-json\/wp\/v2\/media?parent=41"}],"curies":[{"name":"wp","href":"https:\/\/api.w.org\/{rel}","templated":true}]}}